{"id":295,"date":"2013-11-29T12:06:35","date_gmt":"2013-11-29T12:06:35","guid":{"rendered":"https:\/\/www.fusteriadurany.com\/wp\/?page_id=295"},"modified":"2026-03-23T12:00:14","modified_gmt":"2026-03-23T12:00:14","slug":"construccio","status":"publish","type":"page","link":"https:\/\/www.fusteriadurany.com\/?page_id=295","title":{"rendered":"Construcci\u00f3"},"content":{"rendered":"<div class=\"aligncenter\"><img src=\"https:\/\/www.fusteriadurany.com\/wp\/wp-content\/uploads\/2013\/11\/obra-03.png\" alt=\"\" class=\"reflection\"\/><\/div>\n<div class=\"one_half \">\n<blockquote class=\"none\" style=\"width:100;\">Experi\u00e8ncia:<br \/>\nLa nostra experi\u00e8ncia ens permet desenvolupar i fabricar elements especials per l\u2019obra.<br \/>\n<\/blockquote>\n<div class=\"frame_center\"><img src=\"https:\/\/www.fusteriadurany.com\/wp\/wp-content\/uploads\/2013\/11\/obra-05.png\" alt=\"\"\/><span class=\"caption\">Bastiments interiors  per folrar posteriorment amb l\u2019elecci\u00f3 del client. Subministrament i col\u2022locaci\u00f3 de batents, tapajunts, mecanitzat, ajust i penjat de portes interiors.<br \/>\n<\/span><\/div>\n<blockquote class=\"none\" style=\"width:100;\">Assessorament:<br \/>\n l\u2019ajudem a triar les millors opcions pel seu projecte.<br \/>\n<\/blockquote>\n<\/div>\n<div class=\"one_half last \">\n<div class=\"frame_center\"><img src=\"https:\/\/www.fusteriadurany.com\/wp\/wp-content\/uploads\/2013\/11\/obra-04.png\" alt=\"\"\/><span class=\"caption\">Encofrats perduts, encofrats especials, plantilles etc. <\/span><\/div>\n<blockquote class=\"none\" style=\"width:100;\">Amb el nostre equip t\u00e8cnic, experi\u00e8ncia i maquinaria de la que disposem, podem assolir els reptes m\u00e9s complicats del mon de la construcci\u00f3.<br \/>\n<\/blockquote>\n<div class=\"frame_center\"><img src=\"https:\/\/www.fusteriadurany.com\/wp\/wp-content\/uploads\/2013\/11\/obra-06.png\" alt=\"\"\/><span class=\"caption\">Embigat tradicional: biga i llata de fusta.<\/span><\/div>\n<\/div>\n<p><br class=\"clear\"\/><\/p>\n<p><b><\/p>\n<div style=\"float:;width:100%;\">\n<div class=\"testimonial_wrapper\">Fem l\u2019estudi econ\u00f2mic de la fusteria de la seva obra.<\/div>\n<div class=\"testimonial_arrow\"><\/div>\n<div class=\"testimonial_name\"><strong>Fusteria Durany<\/strong><\/div>\n<\/div>\n<p><\/b><\/p>\n","protected":false},"excerpt":{"rendered":"","protected":false},"author":1,"featured_media":0,"parent":0,"menu_order":0,"comment_status":"closed","ping_status":"closed","template":"","meta":[],"_links":{"self":[{"href":"https:\/\/www.fusteriadurany.com\/index.php?rest_route=\/wp\/v2\/pages\/295"}],"collection":[{"href":"https:\/\/www.fusteriadurany.com\/index.php?rest_route=\/wp\/v2\/pages"}],"about":[{"href":"https:\/\/www.fusteriadurany.com\/index.php?rest_route=\/wp\/v2\/types\/page"}],"author":[{"embeddable":true,"href":"https:\/\/www.fusteriadurany.com\/index.php?rest_route=\/wp\/v2\/users\/1"}],"replies":[{"embeddable":true,"href":"https:\/\/www.fusteriadurany.com\/index.php?rest_route=%2Fwp%2Fv2%2Fcomments&post=295"}],"version-history":[{"count":7,"href":"https:\/\/www.fusteriadurany.com\/index.php?rest_route=\/wp\/v2\/pages\/295\/revisions"}],"predecessor-version":[{"id":438,"href":"https:\/\/www.fusteriadurany.com\/index.php?rest_route=\/wp\/v2\/pages\/295\/revisions\/438"}],"wp:attachment":[{"href":"https:\/\/www.fusteriadurany.com\/index.php?rest_route=%2Fwp%2Fv2%2Fmedia&parent=295"}],"curies":[{"name":"wp","href":"https:\/\/api.w.org\/{rel}","templated":true}]}}